 (base 8) to base 15
8170
What is 452 (base 11) in base 7?
1402
-10341 (base 7) to base 2
-101000010001
-113 (base 13) to base 4
-2321
What is 3eb (base 15) in base 2?
1110000000
-20864 (base 9) to base 4
-3120010
103120 (base 4) to base 14
648
What is 1202100 (base 3) in base 8?
2376
What is 10222120 (base 3) in base 4?
231120
Convert 17d8 (base 15) to base 6.
35505
What is -553 (base 9) in base 3?
-121210
-42573 (base 8) to base 7
-102600
What is 6849 (base 11) in base 12?
5267
Convert -1101200001 (base 3) to base 16.
-6b44
What is -94 (base 12) in base 14?
-80
Convert -111101101 (base 2) to base 5.
-3433
ab (base 14) to base 11
128
What is -15076 (base 8) in base 3?
-100012211
Convert -b149 (base 13) to base 2.
-101111101001101
What is -201212 (base 3) in base 14?
-2a4
211 (base 11) to base 14
142
75 (base 11) to base 7
145
Convert -415 (base 11) to base 7.
-1313
13616 (base 8) to base 6
43530
Convert -14532 (base 8) to base 3.
-22220101
What is -663 (base 14) in base 15?
-593
What is 3632 (base 9) in base 14?
db0
3757 (base 11) to base 5
124102
What is 10130000 (base 4) in base 14?
68a4
303b (base 14) to base 12
4965
-74 (base 12) to base 14
-64
-5660 (base 12) to base 16
-2568
What is 10100011100 (base 2) in base 13?
798
What is -1246 (base 8) in base 15?
-303
Convert -200143 (base 6) to base 15.
-4960
What is 10110010111010 (base 2) in base 8?
26272
22236 (base 8) to base 5
244444
What is 100611 (base 7) in base 12?
9a99
What is -10340 (base 5) in base 9?
-880
112112 (base 3) to base 15
1b2
What is -468 (base 10) in base 11?
-396
a38a (base 11) to base 2
11010111001011
What is -41a (base 14) in base 12?
-574
Convert 353 (base 13) to base 10.
575
-5407 (base 9) to base 4
-332020
42e (base 16) to base 6
4542
29222 (base 11) to base 16
a237
-221130 (base 5) to base 11
-5839
-152 (base 16) to base 8
-522
Convert -40101 (base 5) to base 13.
-11c4
Convert -12da (base 15) to base 13.
-1ab0
cd12 (base 14) to base 6
432152
Convert -10011 (base 9) to base 10.
-6571
3013 (base 4) to base 15
d4
What is 243 (base 9) in base 3?
21110
What is -2015 (base 8) in base 16?
-40d
-10022 (base 7) to base 15
-ab2
Convert -23121 (base 5) to base 10.
-1661
Convert -101110111 (base 2) to base 7.
-1044
1976 (base 14) to base 5
121422
-3a7 (base 11) to base 9
-583
Convert 435 (base 13) to base 7.
2046
What is -6387 (base 11) in base 2?
-10000011111100
-156051 (base 8) to base 4
-31300221
Convert 2e8a (base 16) to base 9.
17307
117 (base 14) to base 5
1332
Convert 290 (base 14) to base 2.
1000000110
What is -12020001 (base 3) in base 9?
-5201
What is -13783 (base 9) in base 15?
-2bb0
Convert -207 (base 11) to base 16.
-f9
Convert -2065 (base 7) to base 16.
-2dd
10010010 (base 2) to base 8
222
Convert 2021222112 (base 3) to base 15.
d5c5
Convert -112441 (base 6) to base 8.
-22711
What is 617 (base 9) in base 7?
1315
Convert -205450 (base 6) to base 16.
-41a6
Convert 22220 (base 4) to base 2.
1010101000
Convert -3203122 (base 4) to base 5.
-431204
What is -568b (base 14) in base 6?
-153311
-1323021 (base 4) to base 10
-7881
-963b (base 12) to base 5
-1011323
a74 (base 13) to base 11
1383
Convert 420 (base 12) to base 2.
1001011000
What is -724c (base 14) in base 3?
-222222110
-4b0 (base 13) to base 15
-399
Convert 851 (base 11) to base 6.
4424
Convert -4633 (base 13) to base 4.
-2121310
-51c8 (base 14) to base 13
-6550
1002201202 (base 3) to base 10
21674
What is -9415 (base 13) in base 15?
-60e7
What is -20496 (base 14) in base 3?
-10221122120
-62 (base 7) to base 12
-38
What is 14512 (base 6) in base 2?
100100101100
What is 4752 (base 8) in base 9?
3430
1230230 (base 4) to base 16
1b2c
What is -143 (base 8) in base 14?
-71
Convert -141104 (base 6) to base 8.
-31640
Convert -13b4 (base 13) to base 3.
-10220121
1c19 (base 15) to base 6
44123
1247 (base 11) to base 15
734
Convert 10001101001 (base 2) to base 11.
937
-112010100 (base 3) to base 9
-15110
740 (base 16) to base 5
24411
Convert -5474 (base 8) to base 15.
-cbb
Convert 6d4 (base 15) to base 11.
1189
200 (base 12) to base 10
288
Convert -1654 (base 7) to base 9.
-831
What is 5307 (base 9) in base 12?
2307
Convert 10100100101 (base 2) to base 3.
1210210
Convert -3031 (base 4) to base 2.
-11001101
Convert -2031 (base 10) to base 11.
-1587
What is 301330 (base 4) in base 2?
110001111100
23040 (base 6) to base 5
101024
6230 (base 9) to base 13
2100
17c8 (base 16) to base 8
13710
606 (base 16) to base 15
6cc
Convert 73055 (base 9) to base 11.
33206
Convert -26665 (base 9) to base 2.
-100011001111001
Convert 131 (base 5) to base 3.
1112
-1111000010 (base 2) to base 14
-4ca
-675 (base 11) to base 14
-41a
2010012 (base 3) to base 11
1184
What is -5b2 (base 12) in base 5?
-11404
What is -100011000011 (base 2) in base 11?
-175a
Convert -112011202 (base 3) to base 12.
-5b92
Convert 1229 (base 10) to base 6.
5405
What is -12308 (base 10) in base 7?
-50612
1d4 (base 16) to base 5
3333
-30b (base 13) to base 12
-372
-11012200 (base 3) to base 4
-233331
What is 122313 (base 4) in base 6?
11543
What is 2303103 (base 4) in base 12?
6783
Convert 2589 (base 13) to base 7.
21414
-a (base 15) to base 4
-22
Convert -117a (base 14) to base 11.
-2321
What is 2032 (base 7) in base 6?
3141
What is 375 (base 10) in base 3?
111220
-21647 (base 11) to base 13
-11398
What is -3100000 (base 4) in base 2?
-11010000000000
What is 15492 (base 11) in base 9?
33012
Convert 224a (base 14) to base 6.
43310
1103 (base 5) to base 7
306
11303 (base 8) to base 7
20001
What is 22c (base 13) in base 9?
457
Convert -10017 (base 10) to base 13.
-4737
What is 1435 (base 6) in base 11?
319
What is 2112 (base 4) in base 16?
96
13021 (base 4) to base 2
111001001
Convert -1321441 (base 5) to base 11.
-189a8
-2101311 (base 4) to base 2
-10010001110101
Convert 1010 (base 5) to base 2.
10000010
Convert 100 (base 11) to base 13.
94
What is 1133123 (base 4) in base 14?
2323
4830 (base 15) to base 9
23040
Convert 2aa7a (base 13) to base 7.
454545
Convert -785d (base 15) to base 6.
-314041
What is -1011 (base 12) in base 6?
-12021
What is 41198 (base 10) in base 5?
2304243
1200221 (base 3) to base 15
57a
Convert 4b97 (base 12) to base 3.
102210221
-10320 (base 4) to base 8
-470
What is 1424 (base 13) in base 9?
3875
-3b2 (base 15) to base 13
-4ca
3001 (base 10) to base 3
11010011
Convert -112010220 (base 3) to base 9.
-15126
What is 34100 (base 5) in base 15?
aa0
What is 103535 (base 6) in base 11?
6533
Convert -7ad (base 14) to base 7.
-4306
-10918 (base 11) to base 8
-36605
Convert 125b1 (base 13) to base 4.
20102120
Convert -451035 (base 6) to base 13.
-142a6
1516 (base 8) to base 12
5a6
674 (base 10) to base 12
482
What is -43351 (base 9) in base 10?
-28720
Convert -1996 (base 11) to base 6.
-15405
What is -10101100010010 (base 2) in base 15?
-3401
-2343 (base 5) to base 16
-15c
Convert 287 (base 9) to base 11.
1aa
Convert -3157 (base 14) to base 10.
-8505
What is b920 (base 15) in base 6?
501220
What is -24431 (base 5) in base 12?
-10b6
What is -24176 (base 8) in base 15?
-3111
Convert -10756 (base 10) to base 16.
-2a04
-132245 (base 6) to base 13
-5723
What is 112a (base 11) in base 15?
68e
What is 1311120 (base 4) in base 9?
11266
What is -1301112 (base 4) in base 5?
-213004
What is 1205 (base 8) in base 12?
459
What is -120 (base 6) in base 4?
-300
What is -6929 (base 10) in base 5?
-210204
341 (base 11) to base 3
120010
What is -734a (base 12) in base 4?
-3010222
Convert -355 (base 13) to base 10.
-577
Convert 15562 (base 8) to base 13.
3276
What is -1566 (base 9) in base 15?
-549
What is 1487 (base 11) in base 5?
30120
4568 (base 14) to base 10
12048
-790 (base 16) to base 10
-1936
What is -30410 (base 5) in base 9?
-2640
ba00 (base 12) to base 15
60d3
22202221 (base 3) to base 10
6397
411212 (base 5) to base 11
9aa8
What is -3b6 (base 16) in base 3?
-1022012
Convert -8937 (base 10) to base 2.
-10001011101001
-303203 (base 5) to base 16
-264b
What is 13010 (base 5) in base 15?
470
8b (base 13) to base 14
83
What is -215115 (base 6) in base 10?
-17975
Convert -2b8d (base 14) to base 3.
-101122202
274 (base 15) to base 13
340
What is -1357 (base 9) in base 6?
-4424
352 (base 11) to base 6
1540
What is bb (base 14) in base 11?
140
What is -289a (base 13) 